ive of -l**4/12 + 2*l**3/3 - 21*l**2. What is d(4)?
-4
Let v(m) = -m**2 - m - 1. Let x(b) = 3*b**2 + 9*b. Let s = -1 + 5. Let f(t) = s*v(t) + x(t). Let i = 18 - 13. Give f(i).
-4
Let f be ((-3)/9)/(4/(-48)). Let n(r) = -r**2 + 4*r + 5. Determine n(f).
5
Let w be (42/49)/(1/7). Let n(r) be the first derivative of 1/2*r**2 - w*r + 1. What is n(5)?
-1
Let m(v) = -v + 4. Suppose z - 3 = 2*i + 4*z, -i = z. Determine m(i).
1
Let r(n) = 45*n**3 - 44*n**3 + 4*n**2 - 3 - 5*n**2 + 3*n**2 - 3*n. Calculate r(-3).
-3
Let n(r) = 3*r - 4. Let a(s) = 8*s - 11. Let x(m) = 6*a(m) - 17*n(m). Let y(i) = 2*i**3 + 2*i**2 - i. Let j be y(1). Determine x(j).
-7
Let k(j) = -3*j - 1. Suppose 4*f + 9 - 1 = 0. Let l be f/4 + 3/2. What is k(l)?
-4
Suppose -q = -2*q + 9. Suppose -3*v = 4*a - q, 4*v = -4*a + 2*a + 12. Suppose a = -b - 2 + 5. Let u(w) = w - 1. What is u(b)?
2
Let l(j) = -3 - 3 + 5*j + 6. Calculate l(-2).
-10
Suppose -3 = -5*x - 18, 12 = -5*a - 4*x. Let j be (-1 + 1 - a) + 14. Let f be (-3)/(-9) + j/(-6). Let v(d) = d + 1. What is v(f)?
-1
Let j(f) be the second derivative of -1/12*f**4 - 7*f + 0 + 1/20*f**5 + 0*f**3 - 5/2*f**2. Determine j(0).
-5
Let f = -110 + 107. Let m(i) be the second derivative of i**4/12 + 2*i**3/3 + 3*i**2/2 - i. Calculate m(f).
0
Let d(b) be the first derivative of -b**4/4 + 2*b**3/3 - b**2/2 + 4*b - 58. Determine d(3).
-8
Suppose -3*w - 9 = -21. Suppose p - w*p + 18 = 0. Suppose 7*s - 3*s + 5*b - 18 = 0, 2*s = -b + p. Let o(g) = -g**3 + 2*g**2 - 2*g - 1. Calculate o(s).
-5
Suppose 6 = 3*w + 21, -2*r + 33 = -5*w. Let l be (-18)/(-15)*15/9. Let g(q) = q**l - 6*q**2 + r*q**2 - 4*q. What is g(-3)?
3
Let o = -11 - -8. Let b be 1/(3/((-18)/o)). Let s(u) = -4*u + 2. Determine s(b).
-6
Suppose 9 = -3*f, -5*p + 5*f = -35 - 0. Let s(n) = n**2 - 2*n**2 + n**2 + n**3 + 1 - 2*n - 3*n**2. Determine s(p).
9
Let a(s) = 6*s**2 + 2*s + 1. Suppose 2*n - 5*n - 3 = 0. Let j be a(n). Let q(b) = b**2 - j + 4 + 1. Give q(-2).
4
Let b(i) = 4*i**2 - 5*i - 5. Let n(v) = -v**3 + v**2 + v + 1. Let h(m) = -b(m) + n(m). Suppose c - 20 = 6*c. Calculate h(c).
-2
Let r(j) be the second derivative of -j**4/12 + j**3/6 - j**2 - 21*j. Give r(-2).
-8
Suppose -4*q - g - 3 = -1, -q = 5*g - 9. Let t(s) = 13*s. Calculate t(q).
-13
Let q(n) be the first derivative of -n**2/2 - 16*n - 29. What is q(-13)?
-3
Let u(t) be the second derivative of 2*t**2 + 0 - 1/3*t**3 + t. What is u(5)?
-6
Let k(j) = -2*j**2 + 7*j + 1. Let f be 2/(-3) - (-16)/6. Let w(x) = -2*x**2 + 6*x + 1. Let r(s) = f*k(s) - 3*w(s). Suppose 3*q - 9 = -0. Give r(q).
5
Let a(m) = 6*m - 5. Let i(s) = 5 + 3 - 7*s - 2. Let w(c) = 5*a(c) + 4*i(c). What is w(4)?
7
Let g = -6 + 9. Suppose -5*b + 3*s = -5, g = 2*b + 4*s + 1. Let q(m) = -4*m + 1. Determine q(b).
-3
Let n be ((-6)/8)/((-6)/24). Let p(t) = -t**3 + t**2 + t - 2. Give p(n).
-17
Suppose -10 = z - 3*z. Let r(d) be the second derivative of d**5/20 - 5*d**4/12 + d**3/6 - 7*d**2/2 + 3*d. What is r(z)?
-2
Let m(f) = 3*f**2 + 3 + 2*f - f - 3*f. Suppose 3*l + 0*l = 6. What is m(l)?
11
Let i(o) = o + 8. Suppose 0 = -4*k + 4 - 48. Let z = -17 - k. What is i(z)?
2
Let s be 2*(-3)/45 - 94/(-30). Let r(y) be the third derivative of 1/120*y**6 + 0*y**s + 2*y**2 + 0*y**5 + 0 + 0*y + 1/24*y**4. Calculate r(0).
0
Let i(o) = -3*o**2 + o - 2. Let s be 2 + 6/3 - 6. Calculate i(s).
-16
Let q be (-3)/7 - (-6)/(-210)*55. Let p(k) = -11*k**3 + 3*k**2 + 5*k + 7. Let v(c) = -6*c**3 + 2*c**2 + 3*c + 4. Let b(j) = 4*p(j) - 7*v(j). Give b(q).
10
Let x be 10/(-65) + 24/(-13). Let q be 0/x + 3 + -7. Let p(v) = -v**2 - 2*v + 5. Calculate p(q).
-3
Let g(b) = 5*b**3 + 2*b - 1. Let w be 18/(0 - -6) + (-2 - 0). Calculate g(w).
6
Suppose 3 = -5*r - 22. Let l = -2 - r. Let y(a) = l*a - 2*a + 0*a**2 - a**2 - 3. Calculate y(0).
-3
Let k(i) = 1 + 2*i + 3*i**3 - 2*i**3 - 10*i**3 + i**2. Let b be 1 - 0 - (0 - 1). Suppose b - 1 = -x. Give k(x).
9
Let m(u) = -4*u**2 + u - 1. Let d be m(1). Let v(r) = 7*r**2 + r**2 - 4*r**2 - 3*r**2 + 3*r. Give v(d).
4
Let b(y) = y**3 + y**2 + 2. Suppose 0*d = -2*d - 4. Let t be b(d). Let u(c) = -c - 1. Let l(p) = p**2 + p + 1. Let z(x) = -l(x) - 2*u(x). Determine z(t).
-5
Let c = -24 - -27. Let t(p) = -1. Let u(j) = 4*j + 8. Let b(z) = 12*t(z) + u(z). Give b(c).
8
Let u(p) = 8*p**3 + 2*p**2 - 1. Let b be u(-1). Let h = b + 2. Let x(c) be the first derivative of c**2/2 + 4*c + 9. What is x(h)?
-1
Let o(v) be the third derivative of -v**6/20 + v**4/24 + 5*v**2. Let k(c) = 4*c - 4. Let l(w) = 3*w - 3. Let y(m) = 4*k(m) - 5*l(m). Let j be y(2). Give o(j).
-5
Let q(w) be the third derivative of 8*w**2 + 0*w + 0 - 1/24*w**4 + 1/3*w**3. Calculate q(3).
-1
Let v(u) = -u**2 - 1. Suppose -2 = q - 3. Calculate v(q).
-2
Let d be 1 + -9 + 0 + 2. Let x(u) = -5 + 1 + 3*u - 2*u - 3*u. Determine x(d).
8
Let p(o) be the first derivative of -o**2 + 3*o - 2. Suppose 4*f = 6 + 6. Give p(f).
-3
Let i(y) = -y**3 - 9*y**2 + 6*y + 7. Suppose 3*g + 6 = 4*g. Let u(p) = p**3 + 8*p**2 - 5*p - 6. Let m(w) = g*i(w) + 7*u(w). Let f = -3 + 1. Give m(f).
-2
Let z(c) = -c**2 + 6. Let x = 20 - 28. Let h(y) = -y**2 - 9*y - 5. Let b be h(x). Let a = 3 - b. What is z(a)?
6
Let n = 4 - 1. Let q(s) = -s + n*s**2 + 4*s**2 - 6*s**2 + 1. What is q(3)?
7
Let a(v) = 2*v + 15. Let y(r) = -r - 8. Let g(q) = -2*a(q) - 5*y(q). Determine g(0).
10
Let g(q) be the first derivative of -4 + 4*q**2 - 3*q**2 + 3*q + 0*q**2. Determine g(3).
9
Let h(s) = 35*s**2 - 24*s**3 - 36*s**2 + 3*s - 3*s. Calculate h(-1).
23
Let v(u) = 11*u + 7. Let l(y) = -11*y - 6. Let s(d) = -6*l(d) - 5*v(d). Give s(1).
12
Let t(k) = -2*k + 3. Suppose 0 = -7*u + 2*u + 15. Let n be t(u). Let l(s) be the second derivative of s**5/20 + s**4/6 + s**2/2 - s. What is l(n)?
-8
Let a(f) = 9*f**3 + 3*f. Let y(c) = 5*c**3 - 8*c**2 + 8*c**2 - 6*c**3 - c. Let v(j) = a(j) + 4*y(j). Determine v(1).
4
Let z be (2 - 5/1)/(-1). Suppose 6 + 0 = z*a. Suppose -30 = -a*u - 3*u. Let v(g) = -g**3 + 5*g**2 + 4*g + 3. What is v(u)?
-9
Let n(r) = -r - 6. Let p be (3/2)/((-1)/(-2)). Suppose 2*c - 3 = p*c. Give n(c).
-3
Let u(o) = -3*o. Let s(f) = -2 - 3 + 0 + 0 + f. Let r be s(7). Let d = 0 - r. What is u(d)?
6
Let c(s) = 10*s - 24. Let v(n) = n - 1. Let b(u) = -c(u) + 12*v(u). What is b(-8)?
-4
Let z(w) = -7*w**2 - w + 1. Let g = -14 - -16. Suppose -2*t = u - 5, -3*t - g*t + 14 = 4*u. Give z(u).
-7
Let i(f) = -3*f**3 - 56*f**2 + 55*f**2 + 6 + 4*f**3. Determine i(0).
6
Let n(q) = 8 - 77*q**3 - 9 + 76*q**3. Determine n(1).
-2
Let r(l) be the second derivative of -l**5/20 - l**4/12 + l**2/2 + 5*l. Let k(f) = -2*f**3 - 3*f**2 - 5. Let h(y) = k(y) - 3*r(y). Calculate h(0).
-8
Let g(f) be the second derivative of f**4/12 - 7*f**3/6 + f**2 - f. Suppose 2*q - 12 + 0 = 0. Calculate g(q).
-4
Let k = -3 + 7. Let m(a) = a**2 - 3 + 4 - k + 6*a. Calculate m(-6).
-3
Let f be (-1*(-2)/5)/(1/10). Let q(k) be the second derivative of 0*k**3 + 1/6*k**f + 0 - 4*k - k**2. Calculate q(2).
6
Let r(f) = -12 - f - 2*f - 2*f + 6*f. Determine r(9).
-3
Let x(a) = -2*a - 1. Let s(j) = j**2 + 4*j - 2. Let i be s(-5). Let u = -2 + i. Suppose 3*q = -2 - u. Calculate x(q).
1
Let r(p) = p**2 - p. Let q = 8 - 5. Let c be 0/((q - 4)*-1). Calculate r(c).
0
Let v(p) = 3*p + 28*p**3 - 10*p**2 + 8*p - 53*p**3 - 9 + 26*p**3. Determine v(9).
9
Let t(c) be the first derivative of -c**4/4 + 4*c**3/3 + 3*c**2/2 - 3*c + 1. Let f = -5 + 9. Determine t(f).
9
Let r(y) = -2*y + 2*y**2 + 3*y - y**2. Suppose 0 = 3*h - 10*h - 217. Let z = h - -33. Determine r(z).
6
Let o(q) = -q - 2. Let c = 5 + -7. Determine o(c).
0
Let s(q) = 2*q - 7. Let d(m) = 0 + 3*m + 1 - 5 - 9. Let p(h) = 3*d(h) - 5*s(h). Calculate p(3).
-7
Let b be (-2)/4*54/9. Let s(x) = -x**2 - 2*x - 4. Give s(b).
-7
Let z be 45/(-30)*8/(-6) + -4. Let w(o) = -o**3 - 5*o**2 - 3*o - 2. Determine w(z).
-8
Let x(u) = 9*u**3 - 2*u**2 - u. Let t = 79 + -80. Determine x(t).
-10
Let w(q) be the first derivative of 2*q**3/3 + q**2 + 3*q + 18. Give w(-3).
15
Let n(d) = -5*d - 4. Let i = 4 - 0. Let u be 16/i*3/(-4). Calculate n(u).
11
Suppose 0 = 2*n + n - 105. Suppose 0 = 4*h + 3*y - 35, 5*y + 0*y - n = -2*h. Let c(f) = f**2 - 3*f - 2. What is c(h)?
8
Suppose a - 35 = -28. Let o(h) = h**2 - 5*h. Calculate o(a).
14
Let z(i) = -i - 1. Let d(f) = f**3 + 4*f**2 - f - 1. Let b